 66.
33
What is the greatest common factor of 434 and 658?
14
Calculate the highest common divisor of 2728 and 4216.
248
Calculate the highest common factor of 68 and 10642.
34
What is the highest common factor of 16 and 18?
2
Calculate the highest common factor of 714 and 4046.
238
Calculate the highest common factor of 78 and 78.
78
What is the highest common divisor of 10 and 95?
5
What is the highest common factor of 42 and 147?
21
What is the highest common factor of 388 and 19982?
194
Calculate the greatest common factor of 30 and 20835.
15
What is the greatest common divisor of 80 and 3440?
80
Calculate the greatest common factor of 3111 and 51.
51
What is the greatest common factor of 72 and 256?
8
What is the greatest common factor of 34 and 3247?
17
Calculate the greatest common factor of 1992 and 24.
24
What is the greatest common divisor of 31809 and 69?
69
Calculate the highest common divisor of 21 and 57729.
21
What is the greatest common factor of 75 and 725?
25
Calculate the highest common divisor of 9462 and 171.
57
What is the highest common factor of 474 and 3002?
158
Calculate the highest common divisor of 60 and 420.
60
What is the highest common factor of 93 and 5518?
31
Calculate the highest common divisor of 546 and 1482.
78
Calculate the greatest common divisor of 696 and 928.
232
What is the greatest common factor of 24035 and 23?
23
What is the highest common divisor of 86 and 44978?
86
Calculate the highest common divisor of 22 and 682.
22
Calculate the highest common divisor of 25 and 2165.
5
Calculate the greatest common factor of 3729 and 165.
33
What is the highest common divisor of 50 and 75?
25
What is the greatest common divisor of 136 and 153?
17
Calculate the greatest common divisor of 154 and 814.
22
Calculate the highest common factor of 52 and 338.
26
What is the highest common divisor of 124 and 8?
4
Calculate the greatest common factor of 747 and 9.
9
What is the greatest common divisor of 20 and 32?
4
Calculate the highest common factor of 145 and 10.
5
Calculate the greatest common factor of 610 and 660.
10
Calculate the highest common factor of 1121 and 236.
59
Calculate the highest common factor of 10 and 370.
10
What is the highest common factor of 12 and 2748?
12
Calculate the highest common factor of 5778 and 2354.
214
Calculate the highest common divisor of 48 and 6448.
16
What is the greatest common factor of 14030 and 345?
115
Calculate the highest common divisor of 9646 and 273.
91
What is the greatest common divisor of 255 and 459?
51
Calculate the highest common divisor of 51 and 85.
17
What is the highest common factor of 319 and 231?
11
Calculate the highest common divisor of 3568 and 32.
16
What is the highest common divisor of 112 and 64?
16
What is the greatest common divisor of 30 and 12?
6
What is the highest common factor of 60 and 252?
12
What is the highest common factor of 1024 and 8?
8
Calculate the greatest common factor of 6 and 302.
2
Calculate the greatest common divisor of 603 and 9.
9
Calculate the highest common divisor of 68 and 408.
68
Calculate the greatest common factor of 103 and 1.
1
What is the greatest common divisor of 5148 and 260?
52
What is the greatest common factor of 204 and 884?
68
Calculate the highest common factor of 75 and 175.
25
Calculate the greatest common factor of 40 and 610.
10
What is the greatest common divisor of 575 and 46?
23
Calculate the highest common factor of 3458 and 19.
19
Calculate the greatest common divisor of 32 and 64.
32
What is the highest common factor of 80 and 1010?
10
Calculate the greatest common divisor of 150 and 21.
3
What is the greatest common divisor of 828 and 108?
36
What is the highest common factor of 368 and 64?
16
Calculate the highest common factor of 1050 and 25.
25
What is the greatest common divisor of 656 and 64?
16
What is the highest common factor of 15 and 435?
15
What is the greatest common factor of 1030 and 10?
10
What is the greatest common divisor of 403 and 62?
31
What is the greatest common factor of 182 and 208?
26
Calculate the greatest common factor of 1584 and 128.
16
Calculate the highest common divisor of 1870 and 220.
110
What is the greatest common factor of 600 and 8?
8
What is the highest common divisor of 684 and 1881?
171
What is the highest common factor of 10 and 50?
10
What is the highest common factor of 25 and 1?
1
What is the highest common factor of 20 and 8?
4
Calculate the greatest common factor of 8 and 2372.
4
Calculate the highest common divisor of 120 and 156.
12
Calculate the greatest common divisor of 332 and 18924.
332
What is the highest common factor of 24 and 292?
4
Calculate the highest common divisor of 1717 and 17.
17
Calculate the highest common factor of 165 and 66.
33
Calculate the greatest common divisor of 9588 and 408.
204
What is the highest common factor of 15158 and 530?
106
What is the highest common factor of 792 and 616?
88
What is the highest common factor of 9328 and 528?
176
What is the highest common factor of 417 and 3?
3
What is the highest common divisor of 246 and 82?
82
Calculate the greatest common factor of 472 and 59.
59
What is the highest common divisor of 132 and 204?
12
Calculate the greatest common factor of 4773 and 258.
129
What is the greatest common factor of 249 and 6225?
249
What is the highest common factor of 312 and 30264?
312
Calculate the greatest common divisor of 287 and 7.
7
Calculate the greatest common factor of 5 and 2455.
5
Calculate the highest common factor of 33 and 737.
11
Calculate the greatest common divisor of 134 and 3.
1
What is the greatest common divisor of 55 and 10?
5
Calculate the highest common divisor of 168 and 728.
56
What is the greatest common factor of 98 and 29057?
49
Calculate the greatest common factor of 4 and 13448.
4
What is the greatest common divisor of 511 and 5475?
73
What is the greatest common factor of 46 and 874?
46
Calculate the highest common factor of 188 and 329.
47
What is the greatest common factor of 340 and 85?
85
What is the greatest common divisor of 88 and 48?
8
What is the highest common factor of 578 and 34?
34
What is the highest common factor of 1401 and 9?
3
Calculate the highest common divisor of 30 and 310.
10
Calculate the highest common factor of 165 and 5071.
11
What is the greatest common divisor of 6 and 171?
3
Calculate the greatest common divisor of 444 and 12.
12
Calculate the greatest common divisor of 989 and 86.
43
What is the highest common factor of 308 and 33?
11
What is the greatest common divisor of 30527 and 178?
89
Calculate the highest common factor of 10764 and 207.
207
Calculate the greatest common factor of 7 and 259.
7
What is the greatest common factor of 99 and 1221?
33
Calculate the greatest common divisor of 14 and 182.
14
Calculate the greatest common factor of 33 and 9.
3
Calculate the greatest common factor of 442 and 2574.
26
Calculate the greatest common divisor of 456 and 1776.
24
Calculate the highest common divisor of 208 and 156.
52
What is the greatest common divisor of 1292 and 76?
76
What is the highest common factor of 1385 and 7479?
277
Calculate the highest common factor of 299 and 26.
13
What is the highest common factor of 7 and 28?
7
Calculate the highest common divisor of 459 and 27.
27
What is the greatest common factor of 141 and 94?
47
Calculate the greatest common factor of 164 and 123.
41
What is the highest common divisor of 175 and 50?
25
What is the highest common divisor of 1634 and 114?
38
What is the highest common factor of 656 and 41?
41
Calculate the highest common factor of 3973 and 29.
29
Calculate the greatest common factor of 185 and 3256.
37
What is the highest common factor of 121 and 33?
11
What is the greatest common factor of 820 and 82?
82
What is the highest common divisor of 220 and 66?
22
Calculate the highest common factor of 848 and 16.
16
What is the highest common factor of 360 and 620?
20
What is the highest common factor of 68 and 100?
4
What is the greatest common factor of 3621 and 284?
71
What is the highest common factor of 21 and 294?
21
What is the highest common divisor of 48 and 1416?
24
Calculate the greatest common divisor of 260 and 715.
65
What is the greatest common d